st the prime factors of y.
2, 13, 19, 67
Let x(u) = 7785*u**3 - u**2 - 3*u + 3. List the prime factors of x(1).
2, 7, 139
Let z(g) = -28 + 7 - 21*g + 8 + 0. Let s be z(-28). List the prime factors of (-3)/(-1 - s/(-590)).
2, 59
Suppose 0 = g + 4*i - 4190, -17*g + 14*g - 2*i = -12580. What are the prime factors of g?
2, 3, 233
Let c(q) = 2*q**2 + 202*q + 12. Let o(t) = -t**2 - 67*t - 4. Let f(d) = 4*c(d) + 11*o(d). List the prime factors of f(17).
2, 43
Suppose -3*u - 4*j - 2 - 4 = 0, -5*u = 3*j - 1. Suppose -s = -q - 2*s + 174, 8 = -u*s. List the prime factors of q.
2, 89
Let n = -102472 + 148557. List the prime factors of n.
5, 13, 709
Suppose 0 = 901*n - 911*n + 450930. What are the prime factors of n?
3, 15031
Let c(x) = x**3 + 13*x**2 - 12*x + 27. Let p be c(-14). Let w be (2 + 1/p)*-1*68. What are the prime factors of 6/4*(-12)/9 - w?
2, 3, 11
What are the prime factors of 24 + (-3065699)/(-325) + (-4)/(-50)?
7, 193
Let f(w) = 3294*w - 60. Let t be f(2). Suppose 2*i + 3*a - 2872 = -266, 0 = 5*i + a - t. What are the prime factors of i?
2, 653
Let g = 5075 - 895. What are the prime factors of g?
2, 5, 11, 19
Suppose -883*v - 7062817 = -40926013 - 16491645. List the prime factors of v.
3, 19009
Let p be (-2)/(-3)*-3*(-6)/12. Let w be (1/(-1) + 2)*(-1 + p). Suppose 3*b - 2*b = -2*g + 121, -b - 5*g + 130 = w. List the prime factors of b.
5, 23
Suppose 2*v + 26 = 4*i - 0*i, 3*i + 5*v + 13 = 0. Suppose -3*p + 2374 = 4*y, 3737 = 3*p - i*y + 1371. List the prime factors of p.
2, 5, 79
Let z(p) = -p**2 + 211*p - 11. What are the prime factors of z(39)?
37, 181
Suppose 3*o - 11 = 55. Suppose -66 = 2*x + o. Let i = -33 - x. List the prime factors of i.
11
Let l(u) = -u**2 - 7 - 2*u**2 - 14*u + 25. Let t(k) = 16*k**2 + 71*k - 91. Let c(p) = -11*l(p) - 2*t(p). List the prime factors of c(-14).
2, 3
Suppose -2*k + 7*k - 845 = -5*d, -4*k - 2*d = -668. Suppose -l - k - 23 = 0. Let y = l + 310. List the prime factors of y.
2, 61
Suppose 40*c + 132*c + 797842 = 3992054. List the prime factors of c.
7, 379
Suppose -130 = -2*k - 3*k. Let d = -549 + 545. Let h = k + d. List the prime factors of h.
2, 11
Let v(c) = 2192*c**2 - 9*c - 18. What are the prime factors of v(2)?
2, 37, 59
Let s = -1893 - -12063. What are the prime factors of s?
2, 3, 5, 113
Let o = 284 - 294. List the prime factors of (-4908)/o + 28/140.
491
Suppose 777168 = 141*p - 131154. What are the prime factors of p?
2, 3221
Let k(i) = -2*i**2 + 25*i - 11. Let o be k(12). List the prime factors of (18/21)/((-5)/(-1890)) + o.
5, 13
Suppose -100*u = -26*u - 306434. What are the prime factors of u?
41, 101
Let w = -18923 + 19437. List the prime factors of w.
2, 257
Let s = -10610 + 14812. List the prime factors of s.
2, 11, 191
Suppose 0*x - 4*x + 2*r + 62 = 0, x - 3*r = 28. Let m = 15 - x. Suppose -9*b = m*b - 1573. What are the prime factors of b?
11, 13
Suppose -11*q + 8*q - 4*g - 2 = 0, -4 = -3*q - g. Suppose -2595 - 1903 = -3*p - 2*j, -3*j - 2990 = -q*p. List the prime factors of p.
2, 7, 107
Suppose 13 + 77 = 5*l. Suppose 0 = -2*r + l*r - 4272. List the prime factors of r*-2*(-4)/24 - -1.
2, 3, 5
Let h(w) be the third derivative of 251*w**4/12 - 8*w**3/3 + 72*w**2. List the prime factors of h(2).
2, 13, 19
Let p = 155 + -149. Suppose -5*l = -9 - p. Suppose 4*t + b - 368 - 74 = 0, 323 = l*t + 5*b. What are the prime factors of t?
3, 37
Let r(q) = 1 + 25*q - 17 - 1 - 10*q. Let n be r(4). Suppose -u = -201 + n. What are the prime factors of u?
2, 79
Suppose -5*r + 38*x = 37*x - 32955, r = 5*x + 6591. What are the prime factors of r?
3, 13
Suppose 603*i + 2236 = 607*i. Let d = -272 + i. What are the prime factors of d?
7, 41
Let d(z) = 17*z - 19 - 70 - 2 + 4*z + z**2. List the prime factors of d(-35).
3, 7, 19
Let w(k) = k**3 - 21*k**2 - 24*k + 657. List the prime factors of w(27).
3, 487
Let r = -6160 + 13778. What are the prime factors of r?
2, 13, 293
List the prime factors of ((-39354)/4 + 2)*(-5 - 10 - -13).
103, 191
Suppose 0 = -b + s + 19427, 0 = -4*b + 5*s + 26593 + 51119. What are the prime factors of b?
19423
Suppose -3*u = -0*u + 3*t - 113025, u - 2*t - 37678 = 0. List the prime factors of u.
2, 9419
Let l = -459 + 160. Let y = -90 - l. What are the prime factors of y?
11, 19
Let x(s) = -s**3 + 5*s**2 - 3*s - 4. Let o be x(4). Suppose 5*k - 2*c - 501 = 0, o = 5*k + c - 2*c - 498. Let t = 2 + k. What are the prime factors of t?
101
Let c(k) be the first derivative of k**3/6 + 23*k**2/2 - 21*k - 9. Let y(b) be the first derivative of c(b). List the prime factors of y(-11).
2, 3
Let l = 26798 + -19064. What are the prime factors of l?
2, 3, 1289
Let m(c) = 748*c**2 - 27*c + 105. What are the prime factors of m(5)?
2, 5, 1867
Let r = 5883 + 564. Suppose -315 = 14*u - r. What are the prime factors of u?
2, 3, 73
List the prime factors of ((11 - 7877) + 7)/(-1).
29, 271
Let i = 545 - 599. Let r = 191 + 155. Let z = r + i. List the prime factors of z.
2, 73
Suppose -s = 4*l + s - 3298, -5*l + 5*s = -4130. Let y = -507 + l. Let u = 476 - y. What are the prime factors of u?
2, 79
List the prime factors of (-478)/(-21032) + (-5476766)/(-88).
2, 15559
What are the prime factors of 7/(35/(-33134))*(378/(-28) - -11)?
16567
Suppose 99*f = 53*f + 33*f + 631527. What are the prime factors of f?
3, 16193
Suppose -21 = -3*o + 3*a - 3, 0 = 5*a + 15. Suppose -o*b = 0, -5*y + b + 2210 = 2*b. List the prime factors of y.
2, 13, 17
Suppose o = -5*r + 126675, 0 = -5*r + 3*r + 5*o + 50697. List the prime factors of r.
2, 3167
Suppose 3*z - 11*s + 9*s = -11, 4*z + 8 = -4*s. Let r(i) = 10*i**2 + 22*i + 4. What are the prime factors of r(z)?
2, 7
Let u = -508 - -534. Suppose -u*j + 2320 = -21*j. What are the prime factors of j?
2, 29
Let k = 137 - 60. Suppose 0*h - k = -7*h. List the prime factors of (-20)/4 + 1 + h.
7
Suppose -2*o + 8*p = -2*p - 180562, 2*p = 3*o - 270882. What are the prime factors of o?
2, 11287
Let l be -7 - -1 - 40/(-5). Suppose 4*f + v - 590 = 0, 2*f + v - l*v - 292 = 0. What are the prime factors of f?
3, 7
Let b(n) = -20*n - 5. Let y(s) = s**2 - s - 5. Let k be y(3). Suppose -k - 11 = 3*i. List the prime factors of b(i).
3, 5
Suppose -13*n - 21*n = -264248. What are the prime factors of n?
2, 29, 67
Let y(w) = -w**2 + 25*w + 10. Let h be y(26). List the prime factors of (-4)/h - 5/(80/(-13212)).
2, 7, 59
Suppose -100*m + 68*m + 2295191 = 141*m. What are the prime factors of m?
13267
Let m be -2 + -6*4/(-3). Let f(c) = 13*c**2 + 7*c - 61*c**2 + 47*c**2 + 7 + 0 + 0. List the prime factors of f(m).
13
Suppose 3*s - 3*q - 84231 = 0, 0 = s - 3*s + 4*q + 56140. What are the prime factors of s?
2, 7, 17, 59
Let u be (-6564)/9 - ((-8)/(-3) - 2). Let g = u - -1208. Suppose -g = -5*b + 17. What are the prime factors of b?
3, 11
Suppose -182*o + 15078021 = 45*o. What are the prime factors of o?
3, 7, 3163
Let g be 369/(-15) - (-9)/15. Let m(a) = a**2 - 43*a + 4. Let v be m(43). What are the prime factors of (10/v)/(g/(-1728))?
2, 3, 5
Let s be -124*1*6/(-4). Let a = 353 - s. List the prime factors of a.
167
Suppose y - 22 = -14. Suppose -y*z = -354 - 30. List the prime factors of z.
2, 3
Suppose -3 + 0 = 3*p. Let k(y) be the third derivative of -167*y**6/120 + y**4/4 + 5*y**3/6 - 259*y**2. What are the prime factors of k(p)?
2, 83
Let p(c) = c**3 + 35*c**2 + 11*c + 73. What are the prime factors of p(-26)?
3, 19, 103
Let a = -2580 + 2606. List the prime factors of a.
2, 13
Let u = 19 + -17. Let c be (4 - 1) + (3 + u)/5. Suppose 0 = -2*d - 8, -c*j = -2*j - 2*d - 38. List the prime factors of j.
3, 5
Let m = 118 + -119. What are the prime factors of m/2 - 1844/(-8)?
2, 5, 23
Suppose 5*o = -3*t + 16327 + 189498, 0 = -2*t - 10. List the prime factors of o.
2, 31, 83
Let w be (1/4 - 0)/(17/204). Suppose 215 = 2*k - 5*a, -4*k = -3*k + w*a - 102. List the prime factors of (23 + 1)*(k/20 - 0).
2, 3, 7
Let f(w) = 2*w**3 - 18*w**2 + 3*w - 11. Let b be f(9). Let l(t) = -t - 3494 + 3507 - b*t**2 + t + t**3. What are the prime factors of l(16)?
13
Suppose 5*q - 27 = -7. Suppose q*n - k - 179 = 0, 2*k = -3*n + k + 143. Suppose o + 0*o = n. What are the prime factors of o?
2, 23
Suppose 4*h - 2*p - 86 = 0, 2*h + 2*h - 93 = -5*p. Let m = h + -22. Suppose 0 = 2*a + 5*s - 580, a + m*a - 300 = -5*s. What are the